 and 1?
1
Suppose 2*v - 4 = -2*v + 4*j, 5*j = v + 3. Let a be 5/(-2)*12/(-10). Let h be (4 - (a - 1)) + 0. What is the highest common divisor of h and v?
2
Suppose 0*s = -3*s + 15. Let i be (-1 + (-9)/6)/(3/18). Let f be 13 + s/(i/6). Calculate the highest common divisor of f and 55.
11
Let k be ((-3)/(-4))/(3/148). Calculate the highest common divisor of 111 and k.
37
Let o = 175 + -103. What is the highest common divisor of o and 8?
8
Let g = -9 - -21. Let j be (g/30)/(1/95). What is the highest common factor of 19 and j?
19
Let a = 15 - 41. Let m = a - -40. What is the highest common divisor of 7 and m?
7
Suppose -2*q - v = v - 334, -5*q - 2*v = -847. Calculate the highest common factor of 19 and q.
19
Suppose -4*u + 6 + 14 = 0. Suppose u*d - 25 = 75. What is the highest common divisor of 30 and d?
10
Suppose -2*q + 157 = -f - 171, 174 = q - 3*f. What is the greatest common factor of 18 and q?
18
Let p(c) = 2*c + 1. Let m be p(4). Let i = -63 + 90. Calculate the highest common divisor of i and m.
9
Let j = 15 + 30. Let n(f) = -f**2 + 4*f + 1. Let g be n(2). What is the greatest common divisor of j and g?
5
Let t(y) = y**2. Let q be t(0). Suppose f + 4*x + 0*x + 10 = q, 2 = f + x. Calculate the highest common divisor of f and 18.
6
Suppose -2*p - 2*p = 2*z - 152, 4*p - 164 = -5*z. What is the highest common factor of p and 12?
12
Let p(f) = f**3 - 2*f - 1. Let k be p(-3). Let q be (4/8 + -2)*k. Calculate the greatest common divisor of 3 and q.
3
Let j = 159 + -111. What is the highest common factor of j and 16?
16
Let g(a) = -2*a**2 + 2*a**3 - 10*a + 4 - 3 - 9*a**2 - 3*a**3. Let h be g(-10). What is the greatest common divisor of h and 3?
1
Let a be -7*-1*(7 + -3). What is the greatest common divisor of a and 42?
14
Let j = -3 - -5. Suppose -j + 8 = n. Let a(t) = 2*t - 8. Let z be a(n). What is the greatest common factor of 32 and z?
4
Let x(l) = 9*l**2 + 2*l - 6. Let m be x(3). Calculate the greatest common divisor of 27 and m.
27
Let r be ((-2 - -3) + -3)*-2. Suppose -2*x + 69 = 5*z, r*z + x - 9 = 45. What is the highest common factor of z and 104?
13
Suppose -3*r + 117 - 19 = 4*i, -2*r = 3*i - 74. Let h be (0 - 0 - -1)/(-1). Let a be (-4)/h*(-26)/(-8). Calculate the highest common divisor of a and i.
13
Let p(v) = -7*v**3 + 6*v + 5. Let q be p(-3). Calculate the greatest common factor of 11 and q.
11
Let g = 28 + -17. Suppose -4*w + 4 = -0*w. Calculate the highest common divisor of g and w.
1
Suppose i = 3*i - 4. Suppose 0 - 16 = -i*x. Let h be 11/3 + x/(-12). Calculate the highest common factor of h and 27.
3
Let q = 31 + -19. Suppose 0 = -0*m - m + 60. Calculate the greatest common factor of m and q.
12
Let b(l) = -l + 18. Let y be b(11). Calculate the greatest common divisor of 77 and y.
7
Let q(n) = -2*n**2 - 4*n - 3. Let s be q(-2). Let x = s - -13. Calculate the highest common factor of 80 and x.
10
Let p be (4/4 - 4)*-2. What is the greatest common divisor of 12 and p?
6
Let d = -58 - -179. Let o = 620 + -609. What is the highest common divisor of d and o?
11
Suppose f = 1, i - 5*i + 2*f = -6. Suppose 5*o = -2*j + 165, -3 = -o + i. Suppose -3*x = -30 - 0. What is the highest common divisor of x and j?
10
Suppose 2 - 7 = -c. Let n(u) = -u. Let w be n(-3). Let j be 45/w*1/3. Calculate the highest common divisor of c and j.
5
Let j = -4 - -16. Calculate the greatest common factor of 30 and j.
6
Let g = 3 + 0. Suppose 0 = -d + 5*m, m = -2*d + g*d - 4. Let b(q) = q**2 - 4*q + 3. Let r be b(d). Calculate the highest common divisor of r and 8.
8
Suppose -5*u + 120 = h, 2*h = -u - u + 264. Calculate the greatest common divisor of 27 and h.
27
Let g be (-744)/(-14) + 5/(-35). Let c = g - -7. What is the highest common factor of 12 and c?
12
Suppose -3*d + n = -4 - 4, d + 5*n - 24 = 0. Let q(l) = 7*l - 8. Let x be q(4). What is the greatest common factor of x and d?
4
Let y = 81 - -27. What is the greatest common divisor of 12 and y?
12
Suppose 2*t + 6 + 12 = d, -4*d - 27 = 3*t. Let r = 11 + t. Suppose 0 = -5*h + f + 23 + 2, -4*f - 36 = -4*h. What is the greatest common factor of r and h?
2
Let x = 28 + -15. Suppose 0 = -4*o + 3*o + 26. What is the highest common factor of x and o?
13
Suppose -8 = -12*z + 11*z. Calculate the highest common factor of 8 and z.
8
Let j = 7 - -5. Suppose 3*d + 2*c - j = 2*d, 0 = 5*d - 2*c. Calculate the highest common divisor of d and 5.
1
Suppose -t = 4 - 7. Suppose t*y = 14 + 34. What is the highest common divisor of 64 and y?
16
Suppose -x = -b - 80 - 17, -291 = -3*x - 3*b. Let p = x - 65. Calculate the greatest common factor of 320 and p.
32
Let d(c) = -11*c - 6. Let o be d(-9). Let z = -39 + o. What is the greatest common factor of z and 36?
18
Let d(t) = t + 11. Let s be d(9). What is the greatest common divisor of 10 and s?
10
Let q(a) = -2*a**3 + a. Let z be q(-2). Suppose 0 = 2*p - 5*j - 24, 0*p + 32 = 4*p - 2*j. What is the highest common factor of p and z?
7
Let l(a) = 16*a - 4. Let h be l(4). Calculate the greatest common divisor of 150 and h.
30
Suppose 4*z + 19 = -3*w + 6*w, z = -1. Let x be (-549)/(-36) + (-1)/4. Calculate the greatest common divisor of w and x.
5
Let p = 4 + -7. Let b(h) = h**2 - h**3 + 3 - 3*h**2 + 16*h - 13*h. Let w be b(p). What is the greatest common factor of 3 and w?
3
Suppose 4*i + 2*h = 972, -5*i = 4*h - 7*h - 1204. Calculate the greatest common divisor of 22 and i.
22
Let l be (7 - 3) + -4 + 12. What is the greatest common divisor of 30 and l?
6
Let z(v) = -19*v + 10. Let l be z(-8). What is the greatest common divisor of l and 18?
18
Let v(r) = r**2 + 2*r + 154. Let h be v(0). Let k(q) = -q**3 - 2*q**2 + 6*q + 6. Let d be k(-4). What is the greatest common divisor of d and h?
14
Suppose 2*p = 3*p - 63. Let r(j) = j + 12. Let d be r(-5). What is the greatest common divisor of d and p?
7
Let t be (-24)/20*-2*(17 + -2). Calculate the greatest common factor of 9 and t.
9
Let b(u) = 120*u. Let n be b(2). Let h = n - 152. Suppose 0 = d + 3*k - 5, 5*k + 2 + 3 = 0. What is the greatest common factor of h and d?
8
Let r(q) = -3*q - 2. Let z be r(-2). Let m(n) = -n**2 + n + 3*n - z*n - 7*n. Let t be m(-6). Calculate the greatest common factor of 18 and t.
6
Let a = 151 + 20. What is the highest common divisor of a and 19?
19
Suppose 4*a + 188 = 4*n, 2*n = 4*n - 5*a - 106. Suppose 4*x = -n - 29. Let z = x + 38. Calculate the highest common divisor of z and 20.
20
Let r(i) = -12*i + 8. Let h be r(-6). Suppose 5*u - 3*u = h. Calculate the highest common divisor of u and 10.
10
Suppose 5*u - 2*u - 21 = 0. Suppose 0 = 2*c - 4*a - 48, u*c - 3*c + 2*a - 56 = 0. Let n be (3/(-2))/(3/(-288)). What is the greatest common divisor of n and c?
16
Suppose -6 = -5*v + 9. Let d be v/2*(-2)/3. Let w be d*(-1)/2*14. What is the greatest common factor of w and 21?
7
Let g be 2/7 + 78/21. Suppose -g*y + 12 = -y. Suppose 4*u + 0*b - 100 = -y*b, -2*u + 29 = -5*b. What is the highest common factor of u and 2?
2
Let r = -7 - -18. Let b be 2/r + 3024/66. What is the highest common factor of 23 and b?
23
Suppose -804 = -4*n - 100. Let z = 18 + -16. Let o be 420/26 + z/(-13). Calculate the highest common factor of n and o.
16
Let m(k) = k**2 + 9*k**3 - 1 + 2*k - 3*k + 2*k. Let v be m(-2). Let u = 107 + v. What is the highest common divisor of 4 and u?
4
Let w = 45 - 32. What is the highest common factor of w and 117?
13
Let c be (40/6)/(2/60). Let f be (0/(-2) - -24) + -6 + 2. What is the highest common factor of f and c?
20
Let o = -71 - -110. Suppose 0 = 3*p - 9 - 0. Suppose -p*m = 15 - 54. Calculate the highest common factor of o and m.
13
Suppose 0 = -4*l + l + 9. Let i be (7 + l)*(-3)/(-5). What is the highest common divisor of i and 3?
3
Let k(p) be the first derivative of p**3/3 + 5*p**2/2 - 7*p - 6. Let m be k(-9). What is the greatest common divisor of 29 and m?
29
Let b(r) = 2*r**2 + 65. Let z be 0*(21/(-6) - -3). Let n be b(z). Calculate the greatest common divisor of 26 and n.
13
Let z(o) = o**3 - 4*o**2 + 2*o + 2. Let t be z(4). Let d(p) = p**3 - p**2 - p + 110. Let c be d(0). What is the greatest common divisor of t and c?
10
Let v(p) = -2*p + p + 43*p**2 + 19*p**2. Let a be 2/6*3*-1. Let s be v(a). Calculate the highest common divisor of s and 9.
9
Let c be 1/(-2) + (-3)/2. Let u = 8 - 